e the remainder when 714 is divided by 411.
303
What is the remainder when 165 is divided by 42?
39
What is the remainder when 156 is divided by 79?
77
What is the remainder when 1086 is divided by 26?
20
What is the remainder when 124 is divided by 18?
16
Calculate the remainder when 417 is divided by 35.
32
What is the remainder when 1094 is divided by 18?
14
What is the remainder when 427 is divided by 93?
55
Calculate the remainder when 639 is divided by 53.
3
Calculate the remainder when 329 is divided by 22.
21
What is the remainder when 117 is divided by 30?
27
What is the remainder when 1062 is divided by 56?
54
What is the remainder when 160 is divided by 10?
0
Calculate the remainder when 151 is divided by 67.
17
Calculate the remainder when 1287 is divided by 59.
48
What is the remainder when 537 is divided by 17?
10
Calculate the remainder when 473 is divided by 446.
27
Calculate the remainder when 270 is divided by 70.
60
Calculate the remainder when 467 is divided by 10.
7
Calculate the remainder when 7118 is divided by 52.
46
Calculate the remainder when 4330 is divided by 71.
70
Calculate the remainder when 117 is divided by 25.
17
What is the remainder when 424 is divided by 26?
8
What is the remainder when 260 is divided by 11?
7
What is the remainder when 153 is divided by 98?
55
Calculate the remainder when 7950 is divided by 33.
30
Calculate the remainder when 1472 is divided by 18.
14
What is the remainder when 461 is divided by 33?
32
Calculate the remainder when 245 is divided by 31.
28
Calculate the remainder when 182 is divided by 75.
32
Calculate the remainder when 343 is divided by 162.
19
Calculate the remainder when 17231 is divided by 19.
17
Calculate the remainder when 2470 is divided by 12.
10
Calculate the remainder when 119 is divided by 29.
3
Calculate the remainder when 24 is divided by 6.
0
Calculate the remainder when 75 is divided by 31.
13
Calculate the remainder when 3665 is divided by 1828.
9
What is the remainder when 19 is divided by 15?
4
What is the remainder when 62 is divided by 33?
29
Calculate the remainder when 89 is divided by 31.
27
What is the remainder when 369 is divided by 98?
75
What is the remainder when 1992 is divided by 57?
54
Calculate the remainder when 1880 is divided by 169.
21
What is the remainder when 283 is divided by 110?
63
Calculate the remainder when 31 is divided by 18.
13
Calculate the remainder when 478 is divided by 48.
46
What is the remainder when 626 is divided by 37?
34
Calculate the remainder when 419 is divided by 398.
21
Calculate the remainder when 108 is divided by 21.
3
What is the remainder when 351 is divided by 48?
15
Calculate the remainder when 45 is divided by 17.
11
Calculate the remainder when 354 is divided by 336.
18
What is the remainder when 284 is divided by 18?
14
What is the remainder when 36 is divided by 7?
1
Calculate the remainder when 7683 is divided by 113.
112
What is the remainder when 419 is divided by 210?
209
What is the remainder when 2346 is divided by 21?
15
Calculate the remainder when 2154 is divided by 154.
152
What is the remainder when 658 is divided by 80?
18
Calculate the remainder when 1595 is divided by 17.
14
Calculate the remainder when 121 is divided by 116.
5
Calculate the remainder when 332 is divided by 102.
26
What is the remainder when 394 is divided by 80?
74
Calculate the remainder when 4776 is divided by 1191.
12
Calculate the remainder when 7563 is divided by 39.
36
Calculate the remainder when 782 is divided by 94.
30
What is the remainder when 2518 is divided by 36?
34
What is the remainder when 97 is divided by 16?
1
Calculate the remainder when 314 is divided by 40.
34
What is the remainder when 438 is divided by 112?
102
Calculate the remainder when 283 is divided by 67.
15
What is the remainder when 5640 is divided by 152?
16
Calculate the remainder when 214 is divided by 141.
73
What is the remainder when 6 is divided by 6?
0
What is the remainder when 8293 is divided by 13?
12
Calculate the remainder when 3275 is divided by 6.
5
Calculate the remainder when 395 is divided by 5.
0
What is the remainder when 66 is divided by 42?
24
What is the remainder when 235 is divided by 19?
7
What is the remainder when 179 is divided by 78?
23
Calculate the remainder when 17167 is divided by 10.
7
Calculate the remainder when 808 is divided by 27.
25
Calculate the remainder when 122 is divided by 22.
12
Calculate the remainder when 110 is divided by 12.
2
What is the remainder when 970 is divided by 81?
79
What is the remainder when 68 is divided by 18?
14
Calculate the remainder when 2190 is divided by 364.
6
What is the remainder when 264 is divided by 36?
12
Calculate the remainder when 52 is divided by 16.
4
Calculate the remainder when 12481 is divided by 4158.
7
Calculate the remainder when 264 is divided by 28.
12
Calculate the remainder when 4883 is divided by 174.
11
Calculate the remainder when 14 is divided by 3.
2
Calculate the remainder when 813 is divided by 22.
21
Calculate the remainder when 104 is divided by 12.
8
Calculate the remainder when 504 is divided by 169.
166
Calculate the remainder when 168 is divided by 34.
32
Calculate the remainder when 1546 is divided by 31.
27
Calculate the remainder when 2663 is divided by 91.
24
Calculate the remainder when 29214 is divided by 487.
481
What is the remainder when 802 is divided by 189?
46
Calculate the remainder when 7563 is divided by 5.
3
Calculate the remainder when 757 is divided by 191.
184
What is the remainder when 27591 is divided by 18?
15
What is the remainder when 11409 is divided by 6?
3
What is the remainder when 28 is divided by 13?
2
What is the remainder when 488 is divided by 52?
20
Calculate the remainder when 22948 is divided by 90.
88
What is the remainder when 528 is divided by 91?
73
What is the remainder when 2249 is divided by 2247?
2
Calculate the remainder when 67 is divided by 32.
3
What is the remainder when 918 is divided by 40?
38
Calculate the remainder when 2795 is divided by 12.
11
Calculate the remainder when 145 is divided by 43.
16
Calculate the remainder when 168 is divided by 31.
13
Calculate the remainder when 1119 is divided by 141.
132
Calculate the remainder when 19915 is divided by 46.
43
Calculate the remainder when 1285 is divided by 33.
31
What is the remainder when 260 is divided by 208?
52
Calculate the remainder when 388 is divided by 26.
24
What is the remainder when 1490 is divided by 1471?
19
What is the remainder when 138 is divided by 125?
13
What is the remainder when 259 is divided by 162?
97
What is the remainder when 590 is divided by 5?
0
What is the remainder when 283 is divided by 248?
35
What is the remainder when 519 is divided by 52?
51
What is the remainder when 1081 is divided by 68?
61
Calculate the remainder when 29763 is divided by 9919.
6
Calculate the remainder when 109 is divided by 16.
13
What is the remainder when 2207 is divided by 69?
68
Calculate the remainder when 320 is divided by 44.
12
Calculate the remainder when 309 is divided by 84.
57
Calculate the remainder when 659 is divided by 218.
5
What is the remainder when 128 is divided by 13?
11
What is the remainder when 644 is divided by 38?
36
Calculate the remainder when 118 is divided by 15.
13
What is the remainder when 2905 is divided by 323?
321
What is the remainder when 44 is divided by 5?
4
What is the remainder when 2577 is divided by 215?
212
What is the remainder when 125 is divided by 28?
13
What is the remainder when 2847 is divided by 19?
16
Calculate the remainder when 3428 is divided by 70.
68
Calculate the remainder when 177 is divided by 75.
27
Calculate the remainder when 44 is divided by 24.
20
Calculate the remainder when 49 is divided by 33.
16
Calculate the remainder when 375 is divided by 42.
39
Calculate the remainder when 308 is divided by 104.
100
What is the remainder when 42 is divided by 30?
12
What is the remainder when 3582 is divided by 256?
254
What is the remainder when 67 is divided by 14?
11
Calculate the remainder when 64 is divided by 17.
13
What is the remainder when 89 is divided by 16?
9
Calculate the remainder when 2653 is divided by 3.
1
What is the remainder when 231